 5*r**2 + 7*r - 17. Let x(w) = w**3 + 5*w**2 + 6*w + 7. Let v be x(-4). Let c(p) = p**2 + p - 1. Let m(z) = v*a(z) + 6*c(z). Give m(0).
11
Suppose 5*c - 10 = 10. Let f(x) = 2*x + 3. Let h(z) be the first derivative of z**2/2 + z - 10. Let b(k) = -f(k) + 3*h(k). What is b(c)?
4
Suppose 4*m = -0*m + 32. Let d = m + -6. Suppose 3*v = d + 4, 2*v = -4*n. Let p(a) = 8*a**3 + 2*a**2 + 2*a + 1. Determine p(n).
-7
Let v(d) = -6*d + 4 + 3*d**2 - d**3 - d**2 - 14*d**2 - 3*d. Calculate v(-11).
-18
Let n = -17 + 18. Let l(u) = u**2 - 9*u + 4. Let x(j) = -j. Let v(d) = n*l(d) - 6*x(d). Let q = 7 - 3. Determine v(q).
8
Let w(i) = -i**2 + i + 2. Let a be ((-4)/(-10))/((-5)/(-225)). Suppose -a = -o - 22. What is w(o)?
-18
Let s(i) be the third derivative of i**6/120 + 4*i**5/15 - 17*i**4/24 - i**3 - 132*i**2. Determine s(-17).
-6
Let l(p) = 23*p**3 + 2*p**2 + 2*p + 1. Let q be (-33 + 32)/(2 - (0 + 1)). What is l(q)?
-22
Let k(b) = -2*b + 6. Let f be k(2). Let z(l) = -3*l**2 - 2. What is z(f)?
-14
Let d(r) = r**2 - r + 2. Suppose 4*w = 2*w + 18. Suppose -3*h = -4*p + w, -2*h + p - 5*p + 14 = 0. Let v be (2/h)/((-8)/(-16)). What is d(v)?
14
Let q(z) = z**2 + z + 11. Let t = -1337 - -1337. What is q(t)?
11
Let o(w) = -28 - 3*w**2 + 9*w**2 + 24 + w**3. Let l be o(-6). Let k(b) be the second derivative of b**3/6 + b**2/2 - 4*b. What is k(l)?
-3
Let r(u) be the first derivative of -u**2/2 - 2*u - 75. Suppose -3*q = -4 + 34. Let o = q - -5. What is r(o)?
3
Let i(d) = -2*d**3 + 3*d - 2. Let p(z) = 3*z - 3. Let v be p(6). Let x be (-3)/15 - (-3)/v. Suppose x = 4*a - 5 - 3. Give i(a).
-12
Suppose 0 = -4*k + 7 + 1. Let h(m) = 0*m**k - 9*m + m**2 - 2 + 9. Suppose 4*j = -2*i + 16, -62*i + 67*i = 2*j - 32. Determine h(j).
-11
Let t(p) = -p**3 + 5*p**2 - 4*p + 4. Let i(c) = c - 1. Let s(x) = -6*i(x) - t(x). Give s(5).
-8
Let f(t) = -2*t - 6. Let k(y) = -2*y - 5. Let p(r) = -2*f(r) + 3*k(r). Let o(h) = 6*h - h**2 - 2*h + 2 - 4*h + 6*h. Let m be o(7). Determine p(m).
7
Let q(v) = -v**2 + 6*v - 6. Let w(k) = k**3 + 26*k**2 + 25*k + 6. Let s be w(-25). Calculate q(s).
-6
Let v(t) = -5*t**3 - 51*t**2 - 46*t + 51. Let q(z) = -z**3 + 10 + 0*z - 4*z - 5*z - 10*z**2. Let k(b) = 11*q(b) - 2*v(b). Determine k(-7).
8
Let m(t) = 2*t**2 - 26*t + 29*t - 18*t**3 - 1 + 17*t**3. Calculate m(4).
-21
Let i(k) be the third derivative of 37*k**6/120 - k**4/24 - k**3/6 - 52*k**2. Give i(-1).
-37
Let c(x) be the second derivative of 0 + 7/12*x**4 - 10*x - 1/2*x**3 + 9/2*x**2 - 1/20*x**5. Determine c(7).
-12
Let n(b) be the first derivative of b**3/3 + 5*b**2/2 - 2*b - 2. Suppose d - 4 = -2*t, -3*d - 4 = -5*d - 5*t. Let y = d - 18. Calculate n(y).
4
Let i be ((-5)/20)/((-2)/(-8)). Let y = 5 + i. Suppose -7*b = -3*b + 4*k, y*b + 3*k - 4 = 0. Let l(x) = -x**3 + 3*x**2 + 5*x - 1. Give l(b).
3
Let j = 1 - -4. Let h(p) = -6*p + 3*p**2 + 5 + 2*p**2 - 3*p**2 - 4*p. Let d(y) = -y**2 + 5*y - 3. Let r(m) = -5*d(m) - 2*h(m). Determine r(j).
5
Let d be -3 + 2 + 3 - -21. Suppose -5*a - 8 = -d. Let y be (-1)/a*(-33)/11. Let m(b) = -b**3 + b**2. Determine m(y).
0
Let y(p) be the third derivative of -42*p**2 - 5/24*p**4 - 5/6*p**3 + 0 - 1/60*p**5 + 0*p. Calculate y(-5).
-5
Let i(g) = -5*g**3 - 6447*g**2 + 6445*g**2 + g**3 - 3 + 3*g**3. Suppose -m = -5*u - 2*m - 15, 3*m = 0. What is i(u)?
6
Let j(g) be the first derivative of 0*g**2 - 10 + 1/3*g**3 + 5*g. Determine j(0).
5
Let c(v) = -v**3 + v. Let k(a) = -a**3 - 4*a**2 - 2*a - 11. Let z(o) = 2*c(o) - k(o). Give z(5).
6
Suppose -34*r - 161 = -11*r. Let x(s) be the third derivative of s**6/120 + 2*s**5/15 + 7*s**4/24 + s**3/6 + 3*s**2. What is x(r)?
1
Let g(j) = 11*j. Suppose 0 = -7*k - 4 - 3. Calculate g(k).
-11
Let u(z) be the first derivative of -z**3/3 + 7*z**2/2 - 2*z - 40. What is u(6)?
4
Suppose -697 + 747 = -10*b. Let y(q) = -q - 11. What is y(b)?
-6
Let p = -33 - -30. Let x(o) = -6*o + 3. Let c(m) = -1. Let r(k) = k. Let h(u) = 2*c(u) + 3*r(u). Let d(s) = -9*h(s) - 5*x(s). Determine d(p).
-6
Let d(j) be the second derivative of -j**4/12 + 11*j**3/6 - 5*j**2 + 62*j. Give d(7).
18
Let a(f) = 3*f**2 + 17*f + 25. Let g(u) = 5*u**2 + 34*u + 49. Let o(r) = 7*a(r) - 4*g(r). What is o(18)?
-3
Let z(t) = -t**2 - 8*t + 8. Let y = 191 + -199. What is z(y)?
8
Let a(u) be the first derivative of -u**6/360 + u**5/120 + u**4/8 - 17*u**3/3 + 13. Let b(n) be the third derivative of a(n). Give b(-3).
-9
Suppose x = -x - 16. Let g(b) = b**3 + 7*b**2 - 10*b - 12. Let t be g(x). Let c(s) = -2 + 3 + t*s + 0*s. Calculate c(-1).
-3
Let g(k) = k + 1. Let m(y) = 6*y - 1. Let p be m(1). Let u(h) = h + 3. Suppose 2*s + 1 + 3 = -2*a, 2*s + 2 = -a. Let r(t) = a*u(t) + p*g(t). What is r(-1)?
-4
Let c = 41 + -38. Let p(l) = c + 2 - 3*l**2 - 8*l + 4*l**2. What is p(7)?
-2
Let k be (-3)/2*4*7/14. Let n(d) = -6*d - 2. Let i(s) = -5*s - 1. Let c(p) = k*n(p) + 4*i(p). Determine c(-2).
6
Suppose 4*p - 244 = -4*h, 0 = -3*h + p + 141 + 30. Let n = h - 52. Let c(z) = -z**2 + 6*z - 3. What is c(n)?
-3
Let z = -11 + 5. Let o = -9 - z. Let a(l) = -l**3 - l**2 - 1. Let j(n) = 6*n**3 + 7*n**2 - 3*n + 2. Let r(t) = -5*a(t) - j(t). Calculate r(o).
3
Let w(y) be the first derivative of -y**4/3 - y**3/6 - y**2/2 - 46*y - 11. Let v(i) be the first derivative of w(i). Give v(-1).
-4
Let i(t) = -t**2 - 10*t + 9. Let o be i(-5). Suppose -j + 2*q + 6 = -3, 5*j + q - o = 0. Let d(b) = b**3 - 6*b**2 - 8*b - 8. Determine d(j).
-15
Let m(o) = -26*o + 21. Let r(z) = -18*z + 14. Let k(f) = 5*m(f) - 7*r(f). What is k(9)?
-29
Let u be 50/(-15)*(-72)/120. Let r(o) = 7*o**2 + o - o**2 + 0*o**2. Calculate r(u).
26
Let l(y) = 12 + y + 22 - 32. Give l(-5).
-3
Let l(a) = -a**3 + 2*a**2 - 7. Let f be -5*1 - (3 - (14 + -6)). Give l(f).
-7
Let z(s) = 4*s - 10. Let i(j) = -5*j + 11. Let f(o) = -5*i(o) - 6*z(o). Let h be (-4)/(-6) + (-96)/(-18). Suppose -2*m + h*m = 0. What is f(m)?
5
Let n(a) = -a + 5. Let u = 29 + -16. Let m = u + -7. Calculate n(m).
-1
Let v(g) = -2*g**3 + g**2 - 1. Let q(k) = 17*k + 154. Let c be q(-9). What is v(c)?
-2
Let w = 4 + 3. Let a(t) = t - 2 - t + w - t. Determine a(0).
5
Let q = 1866 + -1870. Let p(n) = n**2 + 6*n + 10. What is p(q)?
2
Let u be 501/39 + (-6)/(-39). Let f(c) = -c + 9. Determine f(u).
-4
Let m(v) = 5*v**3 - v + 0*v**3 + 8 + 6*v**2 + 2*v - 4 - 4*v**3. Determine m(-6).
-2
Let k(c) = -3*c**3 + c**2 - c - 1. Let x(y) = -11*y**3 + 3*y**2 - 3*y - 4. Let s(b) = 7*k(b) - 2*x(b). Calculate s(1).
2
Let x(k) = 31 + 17*k**2 - 24 + k + k**3 - 11*k**2. Determine x(-6).
1
Let x(b) = 15 + 16*b - 102*b**2 - 11 - 7 + 101*b**2. What is x(16)?
-3
Suppose 4 = 2*o - o. Let n(f) = -5539*f + 7 - 2 - 5559*f + 11100*f. What is n(o)?
13
Let r(q) be the third derivative of q**7/840 - q**6/90 + q**5/40 - q**4/4 - 5*q**3/3 + 13*q**2. Let u(p) be the first derivative of r(p). What is u(4)?
6
Let o(j) be the first derivative of j**4/4 - 5*j**3/3 + 3*j**2/2 - j - 7. Suppose 0*x + 5*x - 25 = 0. Suppose 7*q = x*q + 8. What is o(q)?
-5
Let q(c) be the second derivative of c**4/12 - 2*c**3/3 + c**2 + c. Suppose -5*d + 49*y = 47*y - 15, y = -d + 10. Determine q(d).
7
Let w(u) = -u**2 + 2*u + 8. Let s(g) = -g**2 - 3*g - 1. Let k(f) = 2*s(f) - w(f). Let v be (-10)/(5/(5/2)). Let p be -5 + 3/1 + v. Calculate k(p).
-3
Suppose -2*b = 3*b + 20. Let y be b/(-12)*-1*-9. Let v(o) = 3*o**3 - o - o**3 - y*o**3 - 2*o**2 + 1. Determine v(-2).
3
Let g(z) be the first derivative of 1/4*z**4 - 2*z - 10 + z**2 + 7/3*z**3. Give g(-7).
-16
Let y(h) = 9*h**2 - 18 - 7*h**2 + 10*h - 31*h + 10*h. Calculate y(9).
45
Let f(q) be the third derivative of -10*q**2 + 0*q + 0 + 1/6*q**3 - 1/8*q**4. Determine f(-4).
13
Let y(r) = r**3 - 3*r**2 - 3*r + 4. Suppose -4*a + 9*a = 0. Suppose -5*m + 3*m + 8 = a. What is y(m)?
8
Let g(q) = -q**2 - q + 10. Let v be g(3). Let z(o) = 5*o - 10. Let u(t) = -6*t + 11. Let s(m) = -6*u(m) - 7*z(m). Calculate s(v).
2
Let d(m) = 3*m**2 - m**2 + m + 7*m + 4 - 11*m + m**2 - m**3. Calculate d(4).
-24
Let d(j) = -j**3 - 16*j**2 - 14*j + 18. Suppose -35*y - 116 - 409 = 0. What is d(y)?
3
Let d(s) = 3*s**2 + 2*s - 2. Let h be (8/(-10))/((-1)/35). Suppose 25*w = h*w + 6. Give d(w).
6
Let q = 1175 + -1174. Let x(n) = 4*n**2 + 2*n - 1. Calculate x(q).
5
Let d(u) be the third derivative of -u**4/12 - u**3/2 - 35*u**2. Give d